by m?
2
Let l(g) = 3*g**3 - 25*g**2 + 58*g - 64. What is the remainder when 214 is divided by l(6)?
22
Let i = -18886 + 18919. Calculate the remainder when 58 is divided by i.
25
Let q = 59 + -50. Let c = q + -56. Let o = c + 59. What is the remainder when 57 is divided by o?
9
Suppose -679 - 631 = -5*r - 5*n, 0 = -3*r - 4*n + 788. What is the remainder when r is divided by 55?
40
Let y(x) = 3*x - 20 - x - 6*x. Let b be y(-6). Suppose -b*r + 120 = 6*r. What is the remainder when 28 is divided by r?
4
Suppose 0 = 5*u - 2*b - 75640, -2*b - 20111 = -2*u + 10145. Suppose -12*o + u = 19*o. Calculate the remainder when o is divided by 49.
47
Calculate the remainder when 2735 is divided by ((-8)/8 + -1)*(-966)/12.
159
Suppose -68*x = 4*x - 4968. Calculate the remainder when 366 is divided by x.
21
Calculate the remainder when 51 - (3 + (-3)/1) is divided by 6/12*17/(102/48).
3
Calculate the remainder when 149 is divided by 4/10*20 - (-64 + -1).
3
Let j(l) = -l**2 - l + 20. Let q(r) = -r**2 + 13*r + 57. What is the remainder when q(0) is divided by j(0)?
17
Let n = 251 + -251. Suppose n = 3*c - 196 + 31. Suppose 5*l - 50 = 20. What is the remainder when c is divided by l?
13
Let t(i) = 3*i. Let w be t(-1). Let o be (0 - (1 - -11))/(w/4). Calculate the remainder when 140*6/o*4/2 is divided by 37.
31
Let q(n) = -7*n - 9. Let g = -4844 - -4993. Calculate the remainder when g is divided by q(-7).
29
Suppose s = 5*v + 2*s - 388, 160 = 2*v - 2*s. Let m = v + -73. Suppose 5*a = 25, 3*a = -m*f + a + 330. Calculate the remainder when f is divided by 22.
20
Suppose -2*y - 6608 = -5*s, 0*s = -5*s + 5*y + 6620. Suppose -920 - s = -35*v. Calculate the remainder when v is divided by 34.
30
Let r(w) = -w**3 + w**2 + 19. Suppose -2*t + 4*l + 364 = 356, 4*l = 8. What is the remainder when r(0) is divided by t?
3
Suppose 3*s = 15*l - 20*l + 2282, -l - 5*s + 474 = 0. What is the remainder when l is divided by 134?
52
Let r = 1742 - 1570. Calculate the remainder when 182 is divided by r.
10
Suppose 0 = a + a - 56. Let m(y) = -37 + 63 + 2*y**2 + 65 - 9*y. Calculate the remainder when m(6) is divided by a.
25
Suppose -227 = -7*v + 935. Calculate the remainder when v is divided by 99.
67
Suppose -5*p = -66 + 46. Suppose 0 = f + p*j - 9, 36 = 4*f + 4*j - j. Calculate the remainder when 55 is divided by f.
1
Suppose -12*s + 5*f - 355 = -17*s, 3*s - 243 = 3*f. What is the remainder when s is divided by 61?
15
Suppose 3*y - s - 1346 = 0, -7*y + 2*y - 2*s = -2258. What is the remainder when y is divided by 13?
8
Suppose 3*p + 8*m - 13*m = 316, -540 = -5*p - 5*m. Let y(i) = 10*i - 2*i**2 + 2 + i**2 - 2 + 6. What is the remainder when p is divided by y(8)?
19
Suppose -2*l = -3*l - 2*s + 10, -4*l = -5*s - 27. Suppose 4*k - 11*t + l*t - 154 = 0, -168 = -4*k - 4*t. Calculate the remainder when 75 is divided by k.
35
Suppose -h = -5*j + 78, -35 = -5*h - 25. Calculate the remainder when 849 is divided by j.
1
Let t(o) = -677*o - 15548. Suppose 0 = 2*h + 2*h + 5*j - 41, -5*h + 4*j = -82. Calculate the remainder when t(-23) is divided by h.
9
Suppose -2*k - 2*v + 12 + 12 = 0, 4*k - 4*v - 80 = 0. Suppose k = 4*r - 0. Calculate the remainder when 12/16 + (97/4 - -1 - 8) is divided by r.
2
Suppose 3*y - 2377 = 163*p - 165*p, 0 = y - p - 789. Calculate the remainder when y is divided by 12.
11
What is the remainder when ((-3598)/(-56))/((-10)/(-40)) is divided by 21?
5
Let j(m) = -3*m - 7. Let l be j(-17). Suppose l = t - 4*b, 0*t + 256 = 5*t - 2*b. What is the remainder when t is divided by 5?
2
Let m(a) = -a**3 + 7*a**2 + 3*a - 3. Let k be m(4). Suppose -4*g + 63 = j, k = 4*g - 2*j - 21. Let p = 95 - 28. What is the remainder when p is divided by g?
16
Suppose 0 = y - 557 + 27 - 225. Calculate the remainder when y is divided by 110.
95
Let s(j) = 104*j - 1530. What is the remainder when s(34) is divided by 30?
26
Let t(r) = -r**3 + 18*r**2 + 20*r + 7. Let q be t(19). Calculate the remainder when (0 + q/4)/((-10)/(-20)) is divided by 3.
1
Suppose -30*h + 4*h = -14*h - 9708. Calculate the remainder when h is divided by 4.
1
Let x(h) = -h**2 - 3*h + 10. Let u be x(-4). Suppose u = 3*p - 3, 2*z - 5*p - 5 = 0. Calculate the remainder when 76 is divided by z.
6
Let j(d) = -3*d + 2. Suppose 3*s - 2*v + 11 = 0, 2*v = 2*s - 3*s - 1. What is the remainder when 31 is divided by j(s)?
9
Suppose 5*y + 250*x - 3108 = 254*x, 5*y + 4*x = 3052. Calculate the remainder when y is divided by 17.
4
Calculate the remainder when (0 - 9815/(-12)) + 0 + (-3)/(-36) is divided by 75.
68
Let g = -13 - -17. Suppose 0 = -4*n + 4*t + 132, -5*n - g*t = t - 175. Suppose -19 + 129 = 22*r. Calculate the remainder when n is divided by r.
4
Let b = 33 + -19. Let q = 1361 + -1321. What is the remainder when q is divided by b?
12
Let b = 3 + 10. Let g(j) = -j**2 + 18*j - 21. Let z be g(16). Suppose z*c = 15*c - 456. What is the remainder when c is divided by b?
10
Suppose 5*w + 4*x - 6 = 4*w, -2*x - 8 = -5*w. Suppose -3*l = -3*z + 33, 7*l - w*l = -z - 7. What is the remainder when 21 is divided by z?
5
Let t be -1*3*494/(-57). Suppose 58*l - t = 56*l. What is the remainder when 30 is divided by l?
4
Suppose 5*y - 2636 = -4*w + y, -4*y = -4*w + 2620. What is the remainder when w is divided by 32?
17
Let b = -1981 - -2860. What is the remainder when b is divided by 49?
46
Let b = -10524 + 10680. Calculate the remainder when 939 is divided by b.
3
Suppose x = 2*t - 402, 11*t - 2175 = -8*x + 9*x. Calculate the remainder when t is divided by 145.
52
Suppose 0 = -3284*a + 3289*a - 11600. What is the remainder when a is divided by 18?
16
Suppose -5*g + 474 = -256. Calculate the remainder when g is divided by -1*(17/((-459)/45))/((-110)/(-2838)).
17
Let v(b) = -205*b + 1473. Calculate the remainder when 7295 is divided by v(7).
37
Suppose -g + 11*u + 76 = 14*u, 0 = 5*g + 3*u - 308. What is the remainder when 293 is divided by g?
3
Suppose 0 = 3*z + 46*x - 43*x - 2070, -3*x - 3442 = -5*z. What is the remainder when z is divided by 12?
5
Let j(p) = -4*p + 118. Let a be j(30). Suppose 4*i - 75 = 2*w + 3*w, 3*i = -w + 61. What is the remainder when 37 is divided by (25/i)/(a/(-32))?
17
Suppose -18*g + 19*g = 6*f - 1324, -2*g = 5*f - 1092. Calculate the remainder when f is divided by 31.
3
Suppose -5*n = -0*n - 5*w + 2085, -5*n - 2086 = -4*w. Let t = 493 + n. What is the remainder when 90 is divided by t?
15
Let q = 3950 + -3061. What is the remainder when q is divided by 4?
1
Calculate the remainder when 24309 is divided by (-357)/306 - (-37226)/84.
441
Let q be -3*(2/5)/(3/10). What is the remainder when 131 is divided by -10 - -13 - (q - 58)/2?
29
Let h = 3 + 96. What is the remainder when h is divided by (-3 - -2)/(1 + 46/(-45))?
9
Suppose -2*a = -29*x + 33*x - 22, 2*a = -5*x + 22. What is the remainder when 2450 is divided by a?
8
Let f(b) = -18 + 1 + 19*b**2 - 122*b + 133*b - b**3 - b**3. Calculate the remainder when f(9) is divided by 21.
16
Let f(x) = 124*x - 1948. Calculate the remainder when f(19) is divided by 9.
3
Suppose -q + 978 + 597 = 2*q. Calculate the remainder when q is divided by 187.
151
Let h(c) = -6*c - 1. Let y be h(-1). Suppose -v + 181 = 5*i, 0 = 9*i - 4*i - y*v - 175. Calculate the remainder when 320 is divided by i.
32
Suppose z - 16 = -z. Suppose 7*h - g - 478 = 4*h, -3*g - 154 = -h. Suppose -h - 1064 = -34*l. What is the remainder when l is divided by z?
4
Suppose 1768 = 3*u + 193. Calculate the remainder when u is divided by 137.
114
Let o = -135 + 140. Suppose -o*q = 2*x - 198, -126 = -3*q + x - 4*x. What is the remainder when 71 is divided by q?
33
Let z(b) = -8*b**3 + b**2 + 2*b + 1. Suppose -181*n + 1615 + 231 = -2136. Calculate the remainder when n is divided by z(-1).
6
Suppose -2*g + 368 = -106*m + 108*m, 3*m = 3*g - 558. What is the remainder when g is divided by 103?
82
Let a(z) be the second derivative of -z**3 - 15*z**2 - 3*z. Let m be a(-9). Suppose 0 = -2*b + 3*b - m. Calculate the remainder when 95 is divided by b.
23
Let f = -12663 - -12720. Calculate the remainder when (-3)/((-3)/(-642)*-3) is divided by f.
43
Let z(w) = -w**3 + w**2 + w. Let b be z(3). Let i = -588 + 602. Calculate the remainder when i is divided by b*((-8)/(-6))/(-4).
4
Suppose -5*u + 2 + 38 = 0. Suppose 0 = -u*i + 3*i +